r, -97 = -v - r. Let g = -338 - -352. What is the highest common divisor of v and g?
14
Suppose -5*d + 371 = -54. Suppose 0 = -k + 17 + 17. What is the greatest common factor of k and d?
17
Let x(h) = -22*h + 70. Let a be x(2). What is the greatest common factor of 962 and a?
26
Let j = 56 - 68. Let r = 40 + j. What is the greatest common factor of r and 112?
28
Suppose 107 = 15*j - 73. Calculate the greatest common factor of j and 576.
12
Suppose m - 28 - 122 = -3*q, -2*m + 340 = -2*q. What is the highest common divisor of 45 and m?
15
Let h = 16 + -16. Suppose h = 12*i - 17*i + 3*x + 202, -4*x = -2*i + 92. What is the greatest common divisor of i and 114?
38
Let z(f) = f**2 - 12*f - 50. Let p be z(16). Let v(t) = 2*t**3 - 8*t**2 + 2*t + 10. Let q be v(5). What is the greatest common factor of p and q?
14
Suppose -3*w - 4*o = -60, 0*w + 4*o + 84 = 3*w. Calculate the greatest common divisor of 1152 and w.
24
Suppose 0 = n + 3*n - 20. Suppose 0 = n*w - k - 15, w + 9 = 4*w - 5*k. Let f be 12/(-20) - (-246)/10. What is the greatest common factor of w and f?
3
Suppose 5*h + 19 = 24. Let t be (-2)/((-6)/(-9))*-3. What is the greatest common factor of t and h?
1
Suppose 0 = -0*d + d + 5*k + 12, -3*d + 18 = -3*k. Let n(c) = -c**2 - 26*c - 36. Let b be n(-24). Calculate the greatest common factor of d and b.
3
Let n = -220 + 227. What is the greatest common factor of n and 98?
7
Suppose -4*s = 5*w - 398, -3*s - 3*w = -0*s - 300. What is the greatest common divisor of 544 and s?
34
Let k(c) = -225*c + 1384. Let w be k(6). Suppose 4*h = -5*b + 602, 2*h = -3*b - 2*b + 296. Suppose 2*f - h = -f. What is the highest common divisor of f and w?
17
Suppose 3*f + 4*y + 98 - 22 = 0, 5*f + 165 = y. Let q = f - -44. Calculate the greatest common factor of 60 and q.
12
Let q be 9/((-1)/(-2)*2). Suppose 3*t = 5*b + 37, -3*b - 9 + 3 = 0. Calculate the greatest common factor of q and t.
9
Let n(s) = -5*s - 4*s + s - s - 1. Let i be n(-1). Let t(f) = f**3 + 3*f**2 - 2*f + 2. Let j be t(-3). Calculate the highest common factor of i and j.
8
Suppose -104 = 2*b - 122. Let n(v) = 7*v - 1. Let c be n(1). Calculate the highest common factor of c and b.
3
Let w(m) = 9*m**3 - 21*m**2 - 19*m**3 + 11*m**3 - 4*m + 7*m - 50. Let k be w(21). What is the highest common factor of 52 and k?
13
Suppose -4*u + x = 5*x - 176, -4*u + 170 = -2*x. Suppose 3*p + q = -0*p + u, -5*p + 73 = q. Calculate the greatest common factor of 6 and p.
3
Suppose g = 13 - 37. Let t = -9 - g. What is the greatest common divisor of 165 and t?
15
Let o(z) = 3*z - 27. Let j be o(13). Suppose -10*v + j*v = 70. Let f(d) = -d + 5. Let h be f(0). Calculate the greatest common factor of v and h.
5
Suppose 8*k - 36 = 6*k. Suppose -k = -4*l - 6. Suppose -7*w - l*g = -3*w - 28, 0 = -2*g. Calculate the greatest common factor of 1 and w.
1
Suppose 43*n - 798 = 5*n. What is the highest common factor of n and 343?
7
Let g = -15 + 10. Let u be (32/(-6))/(g/150). Suppose -5*k = -2*w - 112 - u, -2*k + 3*w + 100 = 0. Calculate the highest common divisor of 14 and k.
14
Suppose -13 = -5*r + 32. Let l(y) = 9 - 2*y + 3*y + r. Let a be l(0). What is the highest common divisor of a and 72?
18
Suppose k - f = 25, -3*f = 2*f. Calculate the highest common divisor of 50 and k.
25
Suppose 7*k + 29 = 78. Suppose -9*c + 17*c - 392 = 0. What is the highest common factor of c and k?
7
Let h = -2396 - -2442. Calculate the highest common divisor of 621 and h.
23
Let a = 438 - 173. What is the greatest common divisor of 5 and a?
5
Suppose -3 = c, 0 = u + c + 2*c - 79. Calculate the greatest common divisor of 32 and u.
8
Let j = 2 + 9. Let n be ((-27)/(-18))/((-6)/8). Let h be 0 + 2 - -18 - n. Calculate the highest common divisor of h and j.
11
Let v(h) = 47*h + 388. Let f be v(-8). Calculate the greatest common factor of 15 and f.
3
Let f be 11557/254 - (-2)/(-4). Suppose u = o + 407, 3*o = -3*u + u + 804. What is the greatest common divisor of f and u?
45
Let t be (0 - (0 + -2)) + -1. Let d be 308/(-33) + 2/6. Let b = d - -10. Calculate the greatest common factor of t and b.
1
Let l(q) = -q + 7. Let f be l(11). Let u be (2 + f/6)*(-6)/(-4). Calculate the greatest common factor of u and 14.
2
Let d = 20 + -12. Let g = -357 + 369. What is the greatest common factor of g and d?
4
Let o = 33 + -39. Let c be (-122)/(1 + 3 + o). Suppose -5*r + 294 = 3*w + w, r = -3*w + c. What is the greatest common divisor of r and 145?
29
Suppose 3*r + 45 = 141. Let x = 651 - 299. What is the greatest common divisor of x and r?
32
Let h = -33 - -38. Let w = 10 - h. Calculate the highest common divisor of 35 and w.
5
Let n(c) = c**3 + 5*c**2 - 11*c - 18. Let l be n(-6). Suppose 13*v - 142 = -l. Calculate the highest common divisor of v and 40.
10
Let z(r) = r**3 + 8*r**2 + 15*r + 21. Let i be z(-6). Let g be ((-12)/5)/(4/(-320)). Suppose -i*u + g = -u. What is the highest common divisor of 24 and u?
24
Let u(f) = -f**2 + 28*f - 146. Let o be u(12). What is the highest common factor of 14 and o?
2
Suppose 11*d = -7*d + 738. Calculate the highest common divisor of 2419 and d.
41
Suppose -21*u = -26*u - 2760. Let r = -320 - u. Calculate the highest common factor of 58 and r.
58
Let f be (((-952)/42)/17)/((-2)/51). Calculate the greatest common divisor of f and 119.
17
Let j(t) = t**3 - 13*t**2 - 5*t + 13. Let i be j(13). Let s = 75 + i. Calculate the highest common divisor of s and 207.
23
Let o be 12 + -1*(-7 - -9). Suppose -4*p - 3*n = -526, 5*n - 10 = -0*n. Calculate the highest common factor of o and p.
10
Suppose 7*i + 754 - 166 = 0. Let o be (-2)/2 + 43*-1. Let a = o - i. Calculate the greatest common divisor of 10 and a.
10
Let q = -16 + 10. Let o(l) = -l**2 - 9*l - 15. Let s be o(q). Let p be s + -5 + (-9)/(-3). What is the greatest common factor of p and 7?
1
Let q be 5389/5 + 6/(-240)*-8. What is the highest common divisor of 22 and q?
22
Suppose -9*s = -0*s + 27. Let v be 179 + (0 + -2 - s). What is the highest common divisor of 20 and v?
20
Suppose 0 = -2*u + 8 + 10. What is the highest common divisor of u and 3?
3
Suppose 0 = -2*g - 4*o - 14, -2*g - 32 = 2*g + 4*o. Let f(k) = -k**3 - 9*k**2 - 2*k - 11. Let n be f(g). Calculate the highest common factor of 91 and n.
7
Suppose -8*h = -h - 154. Calculate the highest common factor of 8 and h.
2
Suppose 143 = 15*h - 667. Calculate the highest common divisor of h and 12.
6
Suppose 5*y + 126 = 3*v + 22, 0 = -4*v - y + 108. Let h(q) = q**3 - 5*q**2 + 2*q - 3. Let x be h(5). Calculate the greatest common divisor of v and x.
7
Let p = 279 + -174. Let q(y) = 10*y**2 + y + 10. Let j be q(5). Suppose j = 5*a + 55. Calculate the highest common factor of p and a.
21
Let f(b) = -6*b + 5. Let z be f(-5). Let u(v) = 0*v**2 - 3*v**2 + 24*v**2 + 1 - 5*v + 25*v**2. Let k be u(2). What is the highest common factor of z and k?
35
Suppose 2*l - 3*u - 26 = 34, -3*u + 36 = 2*l. Let r(g) = -4*g - 9. Let a be r(-5). Let t be (-2)/a - 6342/(-33). What is the greatest common factor of t and l?
24
Suppose 23*n - 547 = 419. Suppose 4*w + 3*l - 50 = 0, l = 5*l + 8. What is the highest common divisor of n and w?
14
Suppose -r - 78 = -3*r. Let o(a) = -108*a - 3. Let d be o(-4). Calculate the greatest common factor of r and d.
39
Let c(u) = u**2 - 14*u - 46. Let p be c(17). Let n be -10*(0 + -6)/1. Suppose -p*i - i = -n. What is the highest common factor of 50 and i?
10
Suppose 3*g + 5*x = 46, 11 = 5*x - 14. Suppose -f + 11 = 2*a, -2*f - 3*a = -13 - 7. What is the greatest common factor of g and f?
7
Suppose 11*j - 14 = 10*j. Let h be 36 - (-2 + 1 + 2). Calculate the highest common divisor of h and j.
7
Suppose 0*g + 9 = 3*g. Let o(r) = r**2 + 5*r + 1. Let z be o(g). What is the greatest common factor of z and 100?
25
Suppose -4*i = -2*t + 208, 4*i + 199 = 2*t + 3*i. Suppose -4*h = -6*h - t. Let r = 69 + h. What is the greatest common divisor of r and 50?
10
Let s(t) = -5*t**3 + t + 1. Let p be s(-1). Suppose 585 = -22*o + 31*o. Calculate the greatest common factor of p and o.
5
Let h = 122 - 86. Let l(m) = -m**2 + 22*m - 21. Let a be l(13). Calculate the greatest common factor of a and h.
12
Suppose 10 = -6*x + 22. Let p be x/(-5) - (-2880)/75. Calculate the greatest common divisor of 190 and p.
38
Let p be -2*2/2 + 10. Let f(k) = 